)). Suppose m + 104 = v*m + 4*k, 0 = -4*m - 4*k + 192. What is the remainder when m is divided by 12?
8
Let s(l) be the second derivative of l**3/3 + 25*l**2/2 - 5*l. What is the remainder when s(0) is divided by 13?
12
Let u = -181 - -246. What is the remainder when u is divided by 17?
14
Suppose 0 = -5*q + 12 + 3. Calculate the remainder when 38 is divided by 44/q*12/8.
16
Suppose 0 = 4*b + 16, -q - 3*b - 342 = 4*q. Let a = q - -122. Calculate the remainder when a is divided by 29.
27
Suppose -3*d - 42*y + 47*y + 350 = 0, -d - 4*y + 145 = 0. What is the remainder when d is divided by 27?
17
Let k = 36 - -7. Let o = 63 - k. What is the remainder when 57 is divided by o?
17
Let w = 237 + -174. Suppose 15 = 4*n - 5*j - w, -2*j = 4*n - 64. Suppose 3*s + u = 144, 9*u - 4*u - 15 = 0. What is the remainder when s is divided by n?
13
Let s be -20 - (0/(-2) - 1). Let d = s - -23. Suppose w = x - w - 10, -d*w + 8 = 0. Calculate the remainder when 53 is divided by x.
11
Let r = 42 - 4. Let p = r + -16. What is the remainder when 41 is divided by p?
19
Let j be (-2)/10 + 8/(-10). Let s be (5/5)/(j/(-4)). Suppose g + 0*g - 3*d = 3, 0 = s*d. What is the remainder when 3 is divided by g?
0
Let j be ((-11)/2)/((-7)/518). Calculate the remainder when j/11*(1 - -1) is divided by 15.
14
Suppose -5*h + 15 = -10*h. Let t(x) = -3*x + 8. Let n = 199 - 133. What is the remainder when n is divided by t(h)?
15
Let y = -564 + 733. Calculate the remainder when y is divided by 35.
29
Let v(u) = -u**3 + u**2 - 2*u. Let g be v(-2). Let p = 36 + g. Let y = 108 - p. What is the remainder when y is divided by 15?
11
Calculate the remainder when 263 is divided by (-5576)/(-287) - (-3)/(-7).
16
Let w(p) = -8*p + 3. Let x be w(2). Let b(g) = -g**2 - 14*g - 3. What is the remainder when 37 is divided by b(x)?
7
Let t(c) = 13*c**2 + c - 14. What is the remainder when t(3) is divided by 6?
4
Let t(w) = w**3 - 14*w**2 - 34*w - 31. Let h be t(16). Let n = h + 128. What is the remainder when n is divided by 6?
5
Let m(o) = o**2 - 5*o - 8. Let x be 33/6 - (-2)/4. Let i be m(x). What is the remainder when 1 + (63 - 1 - i) is divided by 17?
14
Suppose -2*t + 0*t = -18. Suppose t = 6*s - 3*s. Suppose -5*v + s = -57. Calculate the remainder when 35 is divided by v.
11
Let u = 257 + -189. Calculate the remainder when u is divided by 4.
0
Let g be ((-8)/(-6))/((-18)/(-27)). Let p(r) = 7*r. What is the remainder when 40 is divided by p(g)?
12
Let z(v) = v + 45. Let g be z(-15). Suppose 310 = 10*u - g. Calculate the remainder when u is divided by 3/2*-3*-2.
7
Let y = 2966 + -2939. Calculate the remainder when y is divided by 8.
3
Suppose -2*m = m - 1029. Let n be m/4 - (-8)/32. Suppose -t + n = 5*i, -2*t + 4 = -3*t. Calculate the remainder when 70 is divided by i.
16
Let s(c) = 7*c**2 - c - 8. Let u be s(4). Suppose -13*j = -3*j - u. Let o = 40 + -2. What is the remainder when o is divided by j?
8
Let b = 1 - -8. Let d be (-25)/4 + 2/8. Let v = b + d. Calculate the remainder when 11 is divided by v.
2
Suppose 0 = -3*q - 3*g + 39, 3*g - 74 = -5*q - 13. What is the remainder when 85 is divided by q?
8
Let l = 1 + 53. Let x(w) = w + 12. Let s be 55/5 - (-8)/(-2). Calculate the remainder when l is divided by x(s).
16
Let k be 22/(-1 - -3)*3. Let l be (-3)/4 - k/(-12). Suppose -l*t = -3*r + 43, 2*r + 47 = 5*r - t. Calculate the remainder when 31 is divided by r.
14
Suppose -5*i = -3*z - 1452 - 1224, 0 = -3*i + 5*z + 1596. Calculate the remainder when i is divided by 49.
47
Let r = -17 + 30. Let j(x) = x**3 - 2*x + 51. Let o be 1/2 + 1 - 24/16. What is the remainder when j(o) is divided by r?
12
Let k(p) = p**2 + 14*p - 16. Suppose -3*i = -2*i - 4*u - 58, 0 = -4*u + 4. What is the remainder when i is divided by k(-16)?
14
Suppose 4*w + 3 = 19. Let a(k) = k**2 - 10*k - 9. Let i be a(-9). Suppose 2*t + i = 168. What is the remainder when w is divided by t?
1
Let r(k) = -4 - 2*k**2 + 3*k**2 + 9 - 4*k. Calculate the remainder when 5 is divided by r(3).
1
Let y = 175 + -141. What is the remainder when 100 is divided by y?
32
Suppose 5*m + 3*h = 56, -4*h + 3*h = -3*m + 28. Let n = 3 - m. What is the remainder when 81 is divided by (-2)/n - (-580)/28?
18
What is the remainder when 33 is divided by (-3)/((-33)/(-341)*-1)?
2
Let a be -2*(75/(-10))/5. Let h(j) = -j**2 + 5*j + 3. Calculate the remainder when 33 is divided by h(a).
6
Let r(w) = w**3 + 7*w**2 + 8*w + 2. Let a be r(-7). Let f be a/45*20/(-6). Suppose -f*u + u + 6 = 0. What is the remainder when u is divided by 2?
0
Let p(h) = 35*h + 113. What is the remainder when p(2) is divided by 67?
49
Let i(z) = 14*z**2 + 26*z**2 + z**2. What is the remainder when i(-1) is divided by 11?
8
Let l(q) = 2*q + 14. What is the remainder when 75 is divided by l(-4)?
3
What is the remainder when (8 - 4) + -6 - -115 is divided by 29?
26
Suppose -740*j = -747*j + 91. Calculate the remainder when 133 is divided by j.
3
Let u = 26 + -16. Let g(r) = 1 - u*r + 10 - r**2 + r**2 - r**2. What is the remainder when 80 is divided by g(-8)?
26
Let y(x) = 46*x + 1. Calculate the remainder when 375 is divided by y(1).
46
Let x be (10/25)/(2/(-580)). Let q(p) = 37*p**2 + p. Calculate the remainder when q(-1) is divided by (-4 + 1)/(x/52 + 2).
10
Let t = -2083 - -2118. Let x = 5 - -7. What is the remainder when t is divided by x?
11
Let q = 263 - 239. Calculate the remainder when q is divided by 9.
6
Suppose -25*i + 260 = -23*i. Suppose -3*q - 25 + i = 0. What is the remainder when q is divided by 12?
11
Let p = -21 + 19. Let b(x) = -2*x**3 - 2*x**2 - 4*x - 4. Calculate the remainder when 35 is divided by b(p).
11
Let t = 16 - 272. Let n = t + 359. What is the remainder when n is divided by 8?
7
Let x = 89 + -80. Let q = 1 + 1. Suppose 0 = -q*f - 0*f + 64. What is the remainder when f is divided by x?
5
Let h(s) = 2*s**2 - 2*s + 1. Calculate the remainder when h(5) is divided by 4/10 + (-108)/(-5) + 0.
19
Let z = -328 + 420. What is the remainder when z is divided by 81?
11
Let t be (-6 + 4)/(4/10). Let r = 7 + t. Suppose -r*g - 12 = -6*g. Calculate the remainder when 7 is divided by g.
1
Let o(l) = 6*l**2 + l**3 - 3*l - 2 - 8*l + 13*l. What is the remainder when 87 is divided by o(-4)?
21
Let f(l) = l**2 - l - 2. Let q = -234 - -292. What is the remainder when q is divided by f(-3)?
8
Let n(o) = -o**2 - 11*o - 4. Suppose 12 = -4*p, 2*f - 5*f - 4*p = 39. What is the remainder when n(f) is divided by 5?
4
What is the remainder when (4 - -118)*(1/2 + 0) is divided by 20?
1
Let m(c) = -c**2 - 5*c - 2. Let l(w) = 4*w + 1. Let a(d) = -2*l(d) - 3*m(d). What is the remainder when 45 is divided by a(-4)?
21
Let j(v) = -132*v**2 + v + 8. Let f be j(-10). What is the remainder when f/(-126) - 2/(-9) is divided by 27?
24
Let b(a) = -25*a + 4. What is the remainder when b(-7) is divided by 75 + -59 - (-8)/(1 + 1)?
19
Let y(w) = w**3 - 29*w**2 + 210*w + 71. Suppose 0 = p - 3*p + 36. Calculate the remainder when y(15) is divided by p.
17
Let r(w) = -15*w - 28. Let y be r(-12). Suppose -m + 487 = 4*s + 156, -2*s = -4*m - y. Calculate the remainder when s is divided by 42.
40
Suppose -5*x = m - 34, -2*m - m = 3. What is the remainder when (-27*(-4)/(-6))/((-57)/76) is divided by x?
3
Let t = -39 + 105. Suppose -3*v + t = 30. Calculate the remainder when 57 is divided by v.
9
Suppose -2*a = -2*z, 5*a = -4*z + 2*z. Suppose x - 2 + 0 = a. What is the remainder when 4 is divided by x?
0
Let x(f) = 2*f + f**2 - 4 - 2*f - 2*f + 3*f. Let t(h) = 5*h - 40. Let v be t(7). What is the remainder when x(v) is divided by 6?
4
Let c be -2 + (-1)/(4/(-28)). Suppose -3*t + 12 = s, 5*t + 48 = c*s + 8. What is the remainder when s is divided by 3?
0
Suppose -1072 = -4*u - 4*m, 0 = 4*u - 2*u - 2*m - 532. Suppose 5*v - u + 27 = 0. What is the remainder when 191 is divided by v?
47
Suppose -4*t + 2*u + 76 = 0, -4*t - u - u + 60 = 0. Calculate the remainder when t is divided by 1035/230*(0 + (0 - -2)).
8
Calculate the remainder when (55 - 21)/(-3*(-2)/24) is divided by 47.
42
Let v(z) = z**3 - 3*z**2 + 2*z + 2. Let w be v(2). What is the remainder when (-67)/(-2) - w/4 is divided by (-510)/(-12)*4/10?
16
Let n = 9 + -9. Suppose o - 132 = -5*q, -4*q + 5*o + 94 = -n*o. Suppose 25 + q = 3*k. What is the remainder wh